{"id":48,"date":"2014-02-28T15:34:44","date_gmt":"2014-02-28T14:34:44","guid":{"rendered":"http:\/\/www.fasanenhofschule.de\/?page_id=48"},"modified":"2024-11-07T13:02:46","modified_gmt":"2024-11-07T13:02:46","slug":"hort","status":"publish","type":"page","link":"https:\/\/grundschule-fasanenhof.de\/?page_id=48","title":{"rendered":"Hort"},"content":{"rendered":"<p>Der Schulhort Fasanenhof ist ein st\u00e4dtisches Betreuungs-, Bildungs- und Freizeitangebot f\u00fcr Grundschulkinder.<\/p>\n<p>Seit dem Schuljahr 2014\/15 ist der Hort, als eigenst\u00e4ndige Institution, vollst\u00e4ndig in das Geb\u00e4ude der Fasanenhofschule integriert. Die\u00a0 Zusammenarbeit von Schule und Hort ist somit sowohl inhaltlich als auch r\u00e4umlich stark miteinander verzahnt.<\/p>\n<p>Wie Sie uns erreichen, haben wir in allgemeinen Kontaktinformationen zusammengefasst und stellen Ihnen eine \u00dcbersicht aller wichtigen Ansprechpartner\/-innen zur Verf\u00fcgung.<\/p>\n<p>Dar\u00fcber hinaus finden Sie\u00a0 eine ausf\u00fchrliche Beschreibung der Betreuungs- und Ganztagsangebote sowie Hinweise zu Ferienprogrammen und Kooperationspartnern.<\/p>\n\n\n<h2 class=\"wp-block-heading\">Ihre Ansprechpartner<\/h2>\n\n\n\n<p><strong>Hortleitung<\/strong>: Herr Karl-Sebastian Pr\u00e4kelt<\/p>\n\n\n\n<p><strong>Email<\/strong>: karl-sebastian.praekelt@kassel.de<\/p>\n\n\n\n<p><\/p>\n\n\n\n<p><strong>Stellvertrende Hortleitung<\/strong>: Herr Fynn-Chris Scharno<\/p>\n\n\n\n<p><strong>Email:<\/strong> fynn.scharno@kassel.de<\/p>\n\n\n\n<p><strong>Telefon<\/strong>: 0561\/2873352&nbsp;<\/p>\n\n\n\n<h2 class=\"wp-block-heading\">Schlie\u00dfzeiten 2025<\/h2>\n\n\n\n<div data-wp-interactive=\"core\/file\" class=\"wp-block-file\"><object data-wp-bind--hidden=\"!state.hasPdfPreview\" hidden class=\"wp-block-file__embed\" data=\"https:\/\/grundschule-fasanenhof.de\/wp-content\/uploads\/2024\/10\/Schliesszeiten-2025-1.pdf\" type=\"application\/pdf\" style=\"width:100%;height:600px\" aria-label=\"Einbettung von Schlie\u00dfzeiten 2025.\"><\/object><a id=\"wp-block-file--media-2b9d3ffa-2af9-446d-b390-311e2dd4e220\" href=\"https:\/\/grundschule-fasanenhof.de\/wp-content\/uploads\/2024\/10\/Schliesszeiten-2025-1.pdf\">Schlie\u00dfzeiten 2025<\/a><a href=\"https:\/\/grundschule-fasanenhof.de\/wp-content\/uploads\/2024\/10\/Schliesszeiten-2025-1.pdf\" class=\"wp-block-file__button wp-element-button\" download aria-describedby=\"wp-block-file--media-2b9d3ffa-2af9-446d-b390-311e2dd4e220\">Herunterladen<\/a><\/div>\n","protected":false},"excerpt":{"rendered":"<p>Der Schulhort Fasanenhof ist ein st\u00e4dtisches Betreuungs-, Bildungs- und Freizeitangebot f\u00fcr Grundschulkinder. Seit dem Schuljahr 2014\/15 ist der Hort, als &hellip; <\/p>\n","protected":false},"author":1,"featured_media":0,"parent":0,"menu_order":0,"comment_status":"closed","ping_status":"closed","template":"","meta":{"footnotes":""},"class_list":["post-48","page","type-page","status-publish","hentry"],"_links":{"self":[{"href":"https:\/\/grundschule-fasanenhof.de\/index.php?rest_route=\/wp\/v2\/pages\/48","targetHints":{"allow":["GET"]}}],"collection":[{"href":"https:\/\/grundschule-fasanenhof.de\/index.php?rest_route=\/wp\/v2\/pages"}],"about":[{"href":"https:\/\/grundschule-fasanenhof.de\/index.php?rest_route=\/wp\/v2\/types\/page"}],"author":[{"embeddable":true,"href":"https:\/\/grundschule-fasanenhof.de\/index.php?rest_route=\/wp\/v2\/users\/1"}],"replies":[{"embeddable":true,"href":"https:\/\/grundschule-fasanenhof.de\/index.php?rest_route=%2Fwp%2Fv2%2Fcomments&post=48"}],"version-history":[{"count":7,"href":"https:\/\/grundschule-fasanenhof.de\/index.php?rest_route=\/wp\/v2\/pages\/48\/revisions"}],"predecessor-version":[{"id":4452,"href":"https:\/\/grundschule-fasanenhof.de\/index.php?rest_route=\/wp\/v2\/pages\/48\/revisions\/4452"}],"wp:attachment":[{"href":"https:\/\/grundschule-fasanenhof.de\/index.php?rest_route=%2Fwp%2Fv2%2Fmedia&parent=48"}],"curies":[{"name":"wp","href":"https:\/\/api.w.org\/{rel}","templated":true}]}}

<p>Der Schulhort Fasanenhof ist ein städtisches Betreuungs-, Bildungs- und Freizeitangebot für Grundschulkinder.</p>
<p>Seit dem Schuljahr 2014/15 ist der Hort, als eigenständige Institution, vollständig in das Gebäude der Fasanenhofschule integriert. Die  Zusammenarbeit von Schule und Hort ist somit sowohl inhaltlich als auch räumlich stark miteinander verzahnt.</p>
<p>Wie Sie uns erreichen, haben wir in allgemeinen Kontaktinformationen zusammengefasst und stellen Ihnen eine Übersicht aller wichtigen Ansprechpartner/-innen zur Verfügung.</p>
<p>Darüber hinaus finden Sie  eine ausführliche Beschreibung der Betreuungs- und Ganztagsangebote sowie Hinweise zu Ferienprogrammen und Kooperationspartnern.</p>


<h2 class="wp-block-heading">Ihre Ansprechpartner</h2>



<p><strong>Hortleitung</strong>: Herr Karl-Sebastian Präkelt</p>



<p><strong>Email</strong>: karl-sebastian.praekelt@kassel.de</p>



<p></p>



<p><strong>Stellvertrende Hortleitung</strong>: Herr Fynn-Chris Scharno</p>



<p><strong>Email:</strong> fynn.scharno@kassel.de</p>



<p><strong>Telefon</strong>: 0561/2873352&nbsp;</p>



<h2 class="wp-block-heading">Schließzeiten 2025</h2>



<div data-wp-interactive="core/file" class="wp-block-file"><object data-wp-bind--hidden="!state.hasPdfPreview" hidden class="wp-block-file__embed" data="https://grundschule-fasanenhof.de/wp-content/uploads/2024/10/Schliesszeiten-2025-1.pdf" type="application/pdf" style="width:100%;height:600px" aria-label="Einbettung von Schließzeiten 2025."></object><a id="wp-block-file--media-2b9d3ffa-2af9-446d-b390-311e2dd4e220" href="https://grundschule-fasanenhof.de/wp-content/uploads/2024/10/Schliesszeiten-2025-1.pdf">Schließzeiten 2025</a><a href="https://grundschule-fasanenhof.de/wp-content/uploads/2024/10/Schliesszeiten-2025-1.pdf" class="wp-block-file__button wp-element-button" download aria-describedby="wp-block-file--media-2b9d3ffa-2af9-446d-b390-311e2dd4e220">Herunterladen</a></div>

<p>Der Schulhort Fasanenhof ist ein städtisches Betreuungs-, Bildungs- und Freizeitangebot für Grundschulkinder. Seit dem Schuljahr 2014/15 ist der Hort, als &hellip; </p>
