{"id":46,"date":"2014-02-28T15:34:32","date_gmt":"2014-02-28T14:34:32","guid":{"rendered":"http:\/\/www.fasanenhofschule.de\/?page_id=46"},"modified":"2025-11-25T21:39:26","modified_gmt":"2025-11-25T21:39:26","slug":"foerderverein","status":"publish","type":"page","link":"https:\/\/grundschule-fasanenhof.de\/?page_id=46","title":{"rendered":"F\u00f6rderverein"},"content":{"rendered":"\n<p><\/p>\n\n\n\n<p><\/p>\n\n\n\n<p>Der&nbsp;F\u00f6rderverein unterst\u00fctzt die Fasanenhofschule in organisatorischen und finanziellen Belangen. Mit vielf\u00e4ltigen Angeboten f\u00f6rdert er die Sch\u00fclerinnen und Sch\u00fcler und erm\u00f6glicht ihnen dadurch neue Erfahrungen.<\/p>\n\n\n\n<p><strong>Erreichbarkeit:<\/strong> <a href=\"mailto:foev.gs-fasanenhof@gmx.de\">foev.gs-fasanenhof@gmx.de<\/a><\/p>\n\n\n\n<p><strong>Der F\u00f6rderverein der Fasanenhofschule stellt sich vor:<\/strong><\/p>\n\n\n\n<ul class=\"wp-block-list\">\n<li>Herr Henning Dittmar, 1. Vorsitzender<\/li>\n\n\n\n<li>Herr Tobias Rust, 2. Vorstzender<\/li>\n\n\n\n<li>Frau Karo Fux, Finanzen<\/li>\n\n\n\n<li>N. N., Schriftf\u00fchrerIn<\/li>\n<\/ul>\n\n\n\n<p><strong>Der F\u00f6rderverein\u2026<\/strong><\/p>\n\n\n\n<ul class=\"wp-block-list\">\n<li>arbeitet mit der Schulgemeinde eng zusammen<\/li>\n\n\n\n<li>unterst\u00fctzt die Erziehungs- und Bildungsarbeit<\/li>\n\n\n\n<li>stellt zus\u00e4tzliche Mittel f\u00fcr die Gestaltung des Schulgeb\u00e4udes und -gel\u00e4ndes zu Verf\u00fcgung<\/li>\n\n\n\n<li>finanziert besondere Vorhaben wie z. B. ein Zirkusprojekt oder Autorenlesungen<\/li>\n\n\n\n<li>pr\u00e4sentiert die Fasanenhofschule in der \u00d6ffentlichkeit<\/li>\n\n\n\n<li>wirbt um weitere Mitglieder und Sponsoren<\/li>\n<\/ul>\n\n\n\n<p>Mit Ihrem Beitritt unterst\u00fctzen Sie Ihre Kinder und die Schule aktiv.<\/p>\n\n\n\n<p><strong>Beitrittserkl\u00e4rung<\/strong><\/p>\n\n\n\n<div data-wp-interactive=\"core\/file\" class=\"wp-block-file\"><object data-wp-bind--hidden=\"!state.hasPdfPreview\" hidden class=\"wp-block-file__embed\" data=\"https:\/\/grundschule-fasanenhof.de\/wp-content\/uploads\/2025\/09\/Flyer_FoeV_FHS-4.pdf\" type=\"application\/pdf\" style=\"width:100%;height:600px\" aria-label=\"Einbettung von Flyer_F\u00f6V_FHS.\"><\/object><a id=\"wp-block-file--media-5d7ca3b7-41a9-41a5-a01c-7a6f61e2b80e\" href=\"https:\/\/grundschule-fasanenhof.de\/wp-content\/uploads\/2025\/09\/Flyer_FoeV_FHS-4.pdf\">Flyer_F\u00f6V_FHS<\/a><a href=\"https:\/\/grundschule-fasanenhof.de\/wp-content\/uploads\/2025\/09\/Flyer_FoeV_FHS-4.pdf\" class=\"wp-block-file__button wp-element-button\" download aria-describedby=\"wp-block-file--media-5d7ca3b7-41a9-41a5-a01c-7a6f61e2b80e\">Herunterladen<\/a><\/div>\n\n\n\n<h2 class=\"wp-block-heading\">Kontodaten f\u00fcr Spenden<\/h2>\n\n\n\n<p>Bank: Kasseler Sparkasse<\/p>\n\n\n\n<p>BIC: HELADEF1KAS<\/p>\n\n\n\n<p>IBAN: DE41 5205 0353 0001 1503 99; Bank: Sparkasse Kassel<strong><br><\/strong><\/p>\n","protected":false},"excerpt":{"rendered":"<p>Der&nbsp;F\u00f6rderverein unterst\u00fctzt die Fasanenhofschule in organisatorischen und finanziellen Belangen. Mit vielf\u00e4ltigen Angeboten f\u00f6rdert er die Sch\u00fclerinnen und Sch\u00fcler und erm\u00f6glicht &hellip; <\/p>\n","protected":false},"author":1,"featured_media":0,"parent":0,"menu_order":0,"comment_status":"closed","ping_status":"closed","template":"","meta":{"footnotes":""},"class_list":["post-46","page","type-page","status-publish","hentry"],"_links":{"self":[{"href":"https:\/\/grundschule-fasanenhof.de\/index.php?rest_route=\/wp\/v2\/pages\/46","targetHints":{"allow":["GET"]}}],"collection":[{"href":"https:\/\/grundschule-fasanenhof.de\/index.php?rest_route=\/wp\/v2\/pages"}],"about":[{"href":"https:\/\/grundschule-fasanenhof.de\/index.php?rest_route=\/wp\/v2\/types\/page"}],"author":[{"embeddable":true,"href":"https:\/\/grundschule-fasanenhof.de\/index.php?rest_route=\/wp\/v2\/users\/1"}],"replies":[{"embeddable":true,"href":"https:\/\/grundschule-fasanenhof.de\/index.php?rest_route=%2Fwp%2Fv2%2Fcomments&post=46"}],"version-history":[{"count":17,"href":"https:\/\/grundschule-fasanenhof.de\/index.php?rest_route=\/wp\/v2\/pages\/46\/revisions"}],"predecessor-version":[{"id":5233,"href":"https:\/\/grundschule-fasanenhof.de\/index.php?rest_route=\/wp\/v2\/pages\/46\/revisions\/5233"}],"wp:attachment":[{"href":"https:\/\/grundschule-fasanenhof.de\/index.php?rest_route=%2Fwp%2Fv2%2Fmedia&parent=46"}],"curies":[{"name":"wp","href":"https:\/\/api.w.org\/{rel}","templated":true}]}}

Förderverein

<p></p>



<p></p>



<p>Der&nbsp;Förderverein unterstützt die Fasanenhofschule in organisatorischen und finanziellen Belangen. Mit vielfältigen Angeboten fördert er die Schülerinnen und Schüler und ermöglicht ihnen dadurch neue Erfahrungen.</p>



<p><strong>Erreichbarkeit:</strong> <a href="mailto:foev.gs-fasanenhof@gmx.de">foev.gs-fasanenhof@gmx.de</a></p>



<p><strong>Der Förderverein der Fasanenhofschule stellt sich vor:</strong></p>



<ul class="wp-block-list">
<li>Herr Henning Dittmar, 1. Vorsitzender</li>



<li>Herr Tobias Rust, 2. Vorstzender</li>



<li>Frau Karo Fux, Finanzen</li>



<li>N. N., SchriftführerIn</li>
</ul>



<p><strong>Der Förderverein…</strong></p>



<ul class="wp-block-list">
<li>arbeitet mit der Schulgemeinde eng zusammen</li>



<li>unterstützt die Erziehungs- und Bildungsarbeit</li>



<li>stellt zusätzliche Mittel für die Gestaltung des Schulgebäudes und -geländes zu Verfügung</li>



<li>finanziert besondere Vorhaben wie z. B. ein Zirkusprojekt oder Autorenlesungen</li>



<li>präsentiert die Fasanenhofschule in der Öffentlichkeit</li>



<li>wirbt um weitere Mitglieder und Sponsoren</li>
</ul>



<p>Mit Ihrem Beitritt unterstützen Sie Ihre Kinder und die Schule aktiv.</p>



<p><strong>Beitrittserklärung</strong></p>



<div data-wp-interactive="core/file" class="wp-block-file"><object data-wp-bind--hidden="!state.hasPdfPreview" hidden class="wp-block-file__embed" data="https://grundschule-fasanenhof.de/wp-content/uploads/2025/09/Flyer_FoeV_FHS-4.pdf" type="application/pdf" style="width:100%;height:600px" aria-label="Einbettung von Flyer_FöV_FHS."></object><a id="wp-block-file--media-5d7ca3b7-41a9-41a5-a01c-7a6f61e2b80e" href="https://grundschule-fasanenhof.de/wp-content/uploads/2025/09/Flyer_FoeV_FHS-4.pdf">Flyer_FöV_FHS</a><a href="https://grundschule-fasanenhof.de/wp-content/uploads/2025/09/Flyer_FoeV_FHS-4.pdf" class="wp-block-file__button wp-element-button" download aria-describedby="wp-block-file--media-5d7ca3b7-41a9-41a5-a01c-7a6f61e2b80e">Herunterladen</a></div>



<h2 class="wp-block-heading">Kontodaten für Spenden</h2>



<p>Bank: Kasseler Sparkasse</p>



<p>BIC: HELADEF1KAS</p>



<p>IBAN: DE41 5205 0353 0001 1503 99; Bank: Sparkasse Kassel<strong><br></strong></p>

<p>Der&nbsp;Förderverein unterstützt die Fasanenhofschule in organisatorischen und finanziellen Belangen. Mit vielfältigen Angeboten fördert er die Schülerinnen und Schüler und ermöglicht &hellip; </p>
