{"id":42,"date":"2014-02-28T15:32:15","date_gmt":"2014-02-28T14:32:15","guid":{"rendered":"http:\/\/www.fasanenhofschule.de\/?page_id=42"},"modified":"2025-05-07T14:57:09","modified_gmt":"2025-05-07T14:57:09","slug":"bildung-und-teilhabe","status":"publish","type":"page","link":"https:\/\/grundschule-fasanenhof.de\/?page_id=42","title":{"rendered":"Bildung und Teilhabe"},"content":{"rendered":"<h3><strong>Das Bildungs- und Teilhabepaket<\/strong><\/h3>\n<p>Liebe Eltern,<br \/>\nwenn Sie (bzw. Ihre Kinder) eine der folgenden Leistungen erhalten, haben Ihre Kinder Anspruch auf<br \/>\ndas Bildungs- und Teilhabepaket:<\/p>\n<p><strong>&#8211; SGB II \u2013 B\u00fcrgergeld<\/strong><br \/>\n<strong>&#8211; SGB XII \u2013 Hilfe zum Lebensunterhalt<\/strong><br \/>\n<strong>&#8211; SGB XII \u2013 Grundsicherung bei Erwerbsminderung<\/strong><br \/>\n<strong>&#8211; AsylbLG \u2013 Asylbewerberleistungsgesetz<\/strong><br \/>\n<strong>&#8211; WoGG (Wohngeld)<\/strong><br \/>\n<strong>&#8211; BKGG (Kinderzuschlag)<\/strong><\/p>\n<h3><strong>Wie wird Ihr Kind gef\u00f6rdert?\u00a0<\/strong><\/h3>\n<p><strong>\u2022 Tagesausfl\u00fcge und Fahrten<\/strong><\/p>\n<p>An Wandertagen von Schule und Kita kann Ihr Kind teilnehmen. Mehrt\u00e4gige Ausfl\u00fcge und Klassenfahrten werden bezahlt.<\/p>\n<p><strong>\u2022 Schulbedarf<\/strong><\/p>\n<p>F\u00fcr Schulmaterialien erhalten Sie f\u00fcr Ihr Kind im ersten Schulhalbjahr 130,00 Euro, im zweiten Schulhalbjahr 65,00 Euro.<\/p>\n<p><strong>\u2022 Sch\u00fclerbef\u00f6rderung<\/strong><\/p>\n<p>Die Kosten der Monatskarte f\u00fcr die Fahrt zur n\u00e4chstgelegenen weiterf\u00fchrenden Schule (ab Klasse 11) werden f\u00fcr Ihr Kind \u00fcbernommen, vorher stellen Sie bitte einen Antrag im Schulsekretariat.<\/p>\n<p><strong>\u2022 Lernf\u00f6rderung<\/strong><\/p>\n<p>Einen Anspruch auf angemessene Lernf\u00f6rderung hat Ihr Kind, wenn es im Unterricht nicht mitkommt und die Versetzung gef\u00e4hrdet ist.<\/p>\n<p><strong>\u2022 Mittagessen<\/strong><\/p>\n<p>F\u00fcr das gemeinschaftliche Mittagessen in der Schule werden die Kosten \u00fcbernommen, f\u00fcr eine Kosten\u00fcbernahme im Hort oder in der Kita wenden Sie sich an das Amt Kindertagesbetreuung.<\/p>\n<p><strong>\u2022 Kultur, Sport und Freizeit<\/strong><\/p>\n<p>15 Euro monatlich k\u00f6nnen f\u00fcrs Mitmachen in Sport, Kultur und Freizeit gezahlt werden (z. B. f\u00fcr Musikschule oder Sportvereine).<\/p>\n<p>Die entsprechenden Antragsformulare finden Sie in unserem Downloadbereich. Legen Sie dem Antragsformular immer eine Kopie des aktuellen Leistungsbescheids (z.B. B\u00fcrgergeld) bei.<\/p>\n<p>Wenn Sie Fragen haben oder wenn Sie Hilfestellung bei der Beantragung ben\u00f6tigen, wenden Sie sich gerne an unsere Sozialp\u00e4dagogin Frau Bley.<\/p>\n<p><strong>Telefon: 0561\/787-3451<\/strong><br \/>\n<strong>Mail: anne.bley@schubs-ks.de<\/strong><br \/>\n<strong>Sprechzeiten nach Vereinbarung<\/strong><\/p>\n","protected":false},"excerpt":{"rendered":"<p>Das Bildungs- und Teilhabepaket Liebe Eltern, wenn Sie (bzw. Ihre Kinder) eine der folgenden Leistungen erhalten, haben Ihre Kinder Anspruch &hellip; <\/p>\n","protected":false},"author":1,"featured_media":0,"parent":0,"menu_order":0,"comment_status":"closed","ping_status":"closed","template":"","meta":{"footnotes":""},"class_list":["post-42","page","type-page","status-publish","hentry"],"_links":{"self":[{"href":"https:\/\/grundschule-fasanenhof.de\/index.php?rest_route=\/wp\/v2\/pages\/42","targetHints":{"allow":["GET"]}}],"collection":[{"href":"https:\/\/grundschule-fasanenhof.de\/index.php?rest_route=\/wp\/v2\/pages"}],"about":[{"href":"https:\/\/grundschule-fasanenhof.de\/index.php?rest_route=\/wp\/v2\/types\/page"}],"author":[{"embeddable":true,"href":"https:\/\/grundschule-fasanenhof.de\/index.php?rest_route=\/wp\/v2\/users\/1"}],"replies":[{"embeddable":true,"href":"https:\/\/grundschule-fasanenhof.de\/index.php?rest_route=%2Fwp%2Fv2%2Fcomments&post=42"}],"version-history":[{"count":7,"href":"https:\/\/grundschule-fasanenhof.de\/index.php?rest_route=\/wp\/v2\/pages\/42\/revisions"}],"predecessor-version":[{"id":4756,"href":"https:\/\/grundschule-fasanenhof.de\/index.php?rest_route=\/wp\/v2\/pages\/42\/revisions\/4756"}],"wp:attachment":[{"href":"https:\/\/grundschule-fasanenhof.de\/index.php?rest_route=%2Fwp%2Fv2%2Fmedia&parent=42"}],"curies":[{"name":"wp","href":"https:\/\/api.w.org\/{rel}","templated":true}]}}

<h3><strong>Das Bildungs- und Teilhabepaket</strong></h3>
<p>Liebe Eltern,<br />
wenn Sie (bzw. Ihre Kinder) eine der folgenden Leistungen erhalten, haben Ihre Kinder Anspruch auf<br />
das Bildungs- und Teilhabepaket:</p>
<p><strong>&#8211; SGB II – Bürgergeld</strong><br />
<strong>&#8211; SGB XII – Hilfe zum Lebensunterhalt</strong><br />
<strong>&#8211; SGB XII – Grundsicherung bei Erwerbsminderung</strong><br />
<strong>&#8211; AsylbLG – Asylbewerberleistungsgesetz</strong><br />
<strong>&#8211; WoGG (Wohngeld)</strong><br />
<strong>&#8211; BKGG (Kinderzuschlag)</strong></p>
<h3><strong>Wie wird Ihr Kind gefördert? </strong></h3>
<p><strong>• Tagesausflüge und Fahrten</strong></p>
<p>An Wandertagen von Schule und Kita kann Ihr Kind teilnehmen. Mehrtägige Ausflüge und Klassenfahrten werden bezahlt.</p>
<p><strong>• Schulbedarf</strong></p>
<p>Für Schulmaterialien erhalten Sie für Ihr Kind im ersten Schulhalbjahr 130,00 Euro, im zweiten Schulhalbjahr 65,00 Euro.</p>
<p><strong>• Schülerbeförderung</strong></p>
<p>Die Kosten der Monatskarte für die Fahrt zur nächstgelegenen weiterführenden Schule (ab Klasse 11) werden für Ihr Kind übernommen, vorher stellen Sie bitte einen Antrag im Schulsekretariat.</p>
<p><strong>• Lernförderung</strong></p>
<p>Einen Anspruch auf angemessene Lernförderung hat Ihr Kind, wenn es im Unterricht nicht mitkommt und die Versetzung gefährdet ist.</p>
<p><strong>• Mittagessen</strong></p>
<p>Für das gemeinschaftliche Mittagessen in der Schule werden die Kosten übernommen, für eine Kostenübernahme im Hort oder in der Kita wenden Sie sich an das Amt Kindertagesbetreuung.</p>
<p><strong>• Kultur, Sport und Freizeit</strong></p>
<p>15 Euro monatlich können fürs Mitmachen in Sport, Kultur und Freizeit gezahlt werden (z. B. für Musikschule oder Sportvereine).</p>
<p>Die entsprechenden Antragsformulare finden Sie in unserem Downloadbereich. Legen Sie dem Antragsformular immer eine Kopie des aktuellen Leistungsbescheids (z.B. Bürgergeld) bei.</p>
<p>Wenn Sie Fragen haben oder wenn Sie Hilfestellung bei der Beantragung benötigen, wenden Sie sich gerne an unsere Sozialpädagogin Frau Bley.</p>
<p><strong>Telefon: 0561/787-3451</strong><br />
<strong>Mail: anne.bley@schubs-ks.de</strong><br />
<strong>Sprechzeiten nach Vereinbarung</strong></p>
