{"id":340,"date":"2014-07-02T11:57:35","date_gmt":"2014-07-02T09:57:35","guid":{"rendered":"http:\/\/www.fasanenhofschule.de\/?page_id=340"},"modified":"2025-11-06T12:19:02","modified_gmt":"2025-11-06T12:19:02","slug":"hortleben","status":"publish","type":"page","link":"https:\/\/grundschule-fasanenhof.de\/?page_id=340","title":{"rendered":"Hortleben"},"content":{"rendered":"<p>Der Hort Grundschule Fasanenhof betreut gegenw\u00e4rtig 64 Hortkinder mit Angeboten der offenen Arbeit und der M\u00f6glichkeit eines Mittagessens.\u00a0 Dar\u00fcber hinaus gibt es im Rahmen des Ganztagsangebotes dienstags, mittwochs und donnerstags eine enge Zusammenarbeit mit der Schule. An diesen Tagen nehmen daher rund 120 Kinder das gemeinsame Betreuungs- und Freizeitangebot von Hort und Schule in Anspruch.<\/p>\n<p>Lehrer\/-innen, Erzieher\/-innen und externe p\u00e4dagogischen Mitarbeiter\/-innen gestalten das (Nach-)Mittagsband von 11:30 Uhr bis 14:30 Uhr gemeinsam.<\/p>\n<p>Den Kindern stehen zur Verf\u00fcgung:<\/p>\n<ul>\n<li>ein Anmelde-\/Spieleraum<\/li>\n<li>ein Bauraum<\/li>\n<li>ein Rollenspielraum<\/li>\n<li>ein Kreativraum<\/li>\n<li>ein Bewegungsraum<\/li>\n<li>ein Ruheraum<\/li>\n<li>ein offenes Sportangebot<\/li>\n<li>gro\u00dfes Schulgel\u00e4nde mit anschlie\u00dfenden Sportpl\u00e4tzen<\/li>\n<\/ul>\n<p>Parallel dazu k\u00f6nnen die Kinder ab Klasse 2 an den\u00a0 AGs teilnehmen.<\/p>\n<h1>Aktuelles<\/h1>\n<p><a href=\"https:\/\/grundschule-fasanenhof.de\/?attachment_id=4458\" rel=\"attachment wp-att-4458\">Anschreiben Eltern GT Angebote<\/a><\/p>\n\n\n<h2 class=\"wp-block-heading\">Halloween-Fr\u00fchst\u00fcck<\/h2>\n\n\n\n<figure class=\"wp-block-gallery has-nested-images columns-default is-cropped wp-block-gallery-1 is-layout-flex wp-block-gallery-is-layout-flex\">\n<figure class=\"wp-block-image size-large\"><img loading=\"lazy\" decoding=\"async\" width=\"768\" height=\"1024\" data-id=\"5198\" src=\"https:\/\/grundschule-fasanenhof.de\/wp-content\/uploads\/2025\/11\/5-768x1024.jpg\" alt=\"\" class=\"wp-image-5198\" srcset=\"https:\/\/grundschule-fasanenhof.de\/wp-content\/uploads\/2025\/11\/5-768x1024.jpg 768w, https:\/\/grundschule-fasanenhof.de\/wp-content\/uploads\/2025\/11\/5-225x300.jpg 225w, https:\/\/grundschule-fasanenhof.de\/wp-content\/uploads\/2025\/11\/5-1152x1536.jpg 1152w, https:\/\/grundschule-fasanenhof.de\/wp-content\/uploads\/2025\/11\/5-1536x2048.jpg 1536w, https:\/\/grundschule-fasanenhof.de\/wp-content\/uploads\/2025\/11\/5-scaled.jpg 1920w\" sizes=\"auto, (max-width: 768px) 100vw, 768px\" \/><\/figure>\n\n\n\n<figure class=\"wp-block-image size-large\"><img loading=\"lazy\" decoding=\"async\" width=\"1024\" height=\"768\" data-id=\"5200\" src=\"https:\/\/grundschule-fasanenhof.de\/wp-content\/uploads\/2025\/11\/4-1024x768.jpg\" alt=\"\" class=\"wp-image-5200\" srcset=\"https:\/\/grundschule-fasanenhof.de\/wp-content\/uploads\/2025\/11\/4-1024x768.jpg 1024w, https:\/\/grundschule-fasanenhof.de\/wp-content\/uploads\/2025\/11\/4-300x225.jpg 300w, https:\/\/grundschule-fasanenhof.de\/wp-content\/uploads\/2025\/11\/4-768x576.jpg 768w, https:\/\/grundschule-fasanenhof.de\/wp-content\/uploads\/2025\/11\/4-1536x1152.jpg 1536w, https:\/\/grundschule-fasanenhof.de\/wp-content\/uploads\/2025\/11\/4-2048x1536.jpg 2048w\" sizes=\"auto, (max-width: 1024px) 100vw, 1024px\" \/><\/figure>\n\n\n\n<figure class=\"wp-block-image size-large\"><img loading=\"lazy\" decoding=\"async\" width=\"1024\" height=\"768\" data-id=\"5199\" src=\"https:\/\/grundschule-fasanenhof.de\/wp-content\/uploads\/2025\/11\/3-1024x768.jpg\" alt=\"\" class=\"wp-image-5199\" srcset=\"https:\/\/grundschule-fasanenhof.de\/wp-content\/uploads\/2025\/11\/3-1024x768.jpg 1024w, https:\/\/grundschule-fasanenhof.de\/wp-content\/uploads\/2025\/11\/3-300x225.jpg 300w, https:\/\/grundschule-fasanenhof.de\/wp-content\/uploads\/2025\/11\/3-768x576.jpg 768w, https:\/\/grundschule-fasanenhof.de\/wp-content\/uploads\/2025\/11\/3-1536x1152.jpg 1536w, https:\/\/grundschule-fasanenhof.de\/wp-content\/uploads\/2025\/11\/3-2048x1536.jpg 2048w\" sizes=\"auto, (max-width: 1024px) 100vw, 1024px\" \/><\/figure>\n\n\n\n<figure class=\"wp-block-image size-large\"><img loading=\"lazy\" decoding=\"async\" width=\"1024\" height=\"768\" data-id=\"5196\" src=\"https:\/\/grundschule-fasanenhof.de\/wp-content\/uploads\/2025\/11\/2-1024x768.jpg\" alt=\"\" class=\"wp-image-5196\" srcset=\"https:\/\/grundschule-fasanenhof.de\/wp-content\/uploads\/2025\/11\/2-1024x768.jpg 1024w, https:\/\/grundschule-fasanenhof.de\/wp-content\/uploads\/2025\/11\/2-300x225.jpg 300w, https:\/\/grundschule-fasanenhof.de\/wp-content\/uploads\/2025\/11\/2-768x576.jpg 768w, https:\/\/grundschule-fasanenhof.de\/wp-content\/uploads\/2025\/11\/2-1536x1152.jpg 1536w, https:\/\/grundschule-fasanenhof.de\/wp-content\/uploads\/2025\/11\/2-2048x1536.jpg 2048w\" sizes=\"auto, (max-width: 1024px) 100vw, 1024px\" \/><\/figure>\n\n\n\n<figure class=\"wp-block-image size-large\"><img loading=\"lazy\" decoding=\"async\" width=\"768\" height=\"1024\" data-id=\"5197\" src=\"https:\/\/grundschule-fasanenhof.de\/wp-content\/uploads\/2025\/11\/1-768x1024.jpg\" alt=\"\" class=\"wp-image-5197\" srcset=\"https:\/\/grundschule-fasanenhof.de\/wp-content\/uploads\/2025\/11\/1-768x1024.jpg 768w, https:\/\/grundschule-fasanenhof.de\/wp-content\/uploads\/2025\/11\/1-225x300.jpg 225w, https:\/\/grundschule-fasanenhof.de\/wp-content\/uploads\/2025\/11\/1-1152x1536.jpg 1152w, https:\/\/grundschule-fasanenhof.de\/wp-content\/uploads\/2025\/11\/1-1536x2048.jpg 1536w, https:\/\/grundschule-fasanenhof.de\/wp-content\/uploads\/2025\/11\/1-scaled.jpg 1920w\" sizes=\"auto, (max-width: 768px) 100vw, 768px\" \/><\/figure>\n<\/figure>\n\n\n\n<h2 class=\"wp-block-heading\">Schlie\u00dfzeiten 2026<\/h2>\n\n\n\n<div data-wp-interactive=\"core\/file\" class=\"wp-block-file\"><object data-wp-bind--hidden=\"!state.hasPdfPreview\" hidden class=\"wp-block-file__embed\" data=\"https:\/\/grundschule-fasanenhof.de\/wp-content\/uploads\/2025\/10\/Schliesszeiten-2026-1.pdf\" type=\"application\/pdf\" style=\"width:100%;height:600px\" aria-label=\"Einbettung von Schlie\u00dfzeiten 2026.\"><\/object><a id=\"wp-block-file--media-9762856b-af5c-4578-866c-3b5d410d1ab2\" href=\"https:\/\/grundschule-fasanenhof.de\/wp-content\/uploads\/2025\/10\/Schliesszeiten-2026-1.pdf\">Schlie\u00dfzeiten 2026<\/a><a href=\"https:\/\/grundschule-fasanenhof.de\/wp-content\/uploads\/2025\/10\/Schliesszeiten-2026-1.pdf\" class=\"wp-block-file__button wp-element-button\" download aria-describedby=\"wp-block-file--media-9762856b-af5c-4578-866c-3b5d410d1ab2\">Herunterladen<\/a><\/div>\n","protected":false},"excerpt":{"rendered":"<p>Der Hort Grundschule Fasanenhof betreut gegenw\u00e4rtig 64 Hortkinder mit Angeboten der offenen Arbeit und der M\u00f6glichkeit eines Mittagessens.\u00a0 Dar\u00fcber hinaus &hellip; <\/p>\n","protected":false},"author":1,"featured_media":0,"parent":0,"menu_order":0,"comment_status":"closed","ping_status":"closed","template":"","meta":{"footnotes":""},"class_list":["post-340","page","type-page","status-publish","hentry"],"_links":{"self":[{"href":"https:\/\/grundschule-fasanenhof.de\/index.php?rest_route=\/wp\/v2\/pages\/340","targetHints":{"allow":["GET"]}}],"collection":[{"href":"https:\/\/grundschule-fasanenhof.de\/index.php?rest_route=\/wp\/v2\/pages"}],"about":[{"href":"https:\/\/grundschule-fasanenhof.de\/index.php?rest_route=\/wp\/v2\/types\/page"}],"author":[{"embeddable":true,"href":"https:\/\/grundschule-fasanenhof.de\/index.php?rest_route=\/wp\/v2\/users\/1"}],"replies":[{"embeddable":true,"href":"https:\/\/grundschule-fasanenhof.de\/index.php?rest_route=%2Fwp%2Fv2%2Fcomments&post=340"}],"version-history":[{"count":7,"href":"https:\/\/grundschule-fasanenhof.de\/index.php?rest_route=\/wp\/v2\/pages\/340\/revisions"}],"predecessor-version":[{"id":5202,"href":"https:\/\/grundschule-fasanenhof.de\/index.php?rest_route=\/wp\/v2\/pages\/340\/revisions\/5202"}],"wp:attachment":[{"href":"https:\/\/grundschule-fasanenhof.de\/index.php?rest_route=%2Fwp%2Fv2%2Fmedia&parent=340"}],"curies":[{"name":"wp","href":"https:\/\/api.w.org\/{rel}","templated":true}]}}

<p>Der Hort Grundschule Fasanenhof betreut gegenwärtig 64 Hortkinder mit Angeboten der offenen Arbeit und der Möglichkeit eines Mittagessens.  Darüber hinaus gibt es im Rahmen des Ganztagsangebotes dienstags, mittwochs und donnerstags eine enge Zusammenarbeit mit der Schule. An diesen Tagen nehmen daher rund 120 Kinder das gemeinsame Betreuungs- und Freizeitangebot von Hort und Schule in Anspruch.</p>
<p>Lehrer/-innen, Erzieher/-innen und externe pädagogischen Mitarbeiter/-innen gestalten das (Nach-)Mittagsband von 11:30 Uhr bis 14:30 Uhr gemeinsam.</p>
<p>Den Kindern stehen zur Verfügung:</p>
<ul>
<li>ein Anmelde-/Spieleraum</li>
<li>ein Bauraum</li>
<li>ein Rollenspielraum</li>
<li>ein Kreativraum</li>
<li>ein Bewegungsraum</li>
<li>ein Ruheraum</li>
<li>ein offenes Sportangebot</li>
<li>großes Schulgelände mit anschließenden Sportplätzen</li>
</ul>
<p>Parallel dazu können die Kinder ab Klasse 2 an den  AGs teilnehmen.</p>
<h1>Aktuelles</h1>
<p><a href="https://grundschule-fasanenhof.de/?attachment_id=4458" rel="attachment wp-att-4458">Anschreiben Eltern GT Angebote</a></p>


<h2 class="wp-block-heading">Halloween-Frühstück</h2>



<figure class="wp-block-gallery has-nested-images columns-default is-cropped wp-block-gallery-1 is-layout-flex wp-block-gallery-is-layout-flex">
<figure class="wp-block-image size-large"><img loading="lazy" decoding="async" width="768" height="1024" data-id="5198" src="https://grundschule-fasanenhof.de/wp-content/uploads/2025/11/5-768x1024.jpg" alt="" class="wp-image-5198" srcset="https://grundschule-fasanenhof.de/wp-content/uploads/2025/11/5-768x1024.jpg 768w, https://grundschule-fasanenhof.de/wp-content/uploads/2025/11/5-225x300.jpg 225w, https://grundschule-fasanenhof.de/wp-content/uploads/2025/11/5-1152x1536.jpg 1152w, https://grundschule-fasanenhof.de/wp-content/uploads/2025/11/5-1536x2048.jpg 1536w, https://grundschule-fasanenhof.de/wp-content/uploads/2025/11/5-scaled.jpg 1920w" sizes="auto, (max-width: 768px) 100vw, 768px" /></figure>



<figure class="wp-block-image size-large"><img loading="lazy" decoding="async" width="1024" height="768" data-id="5200" src="https://grundschule-fasanenhof.de/wp-content/uploads/2025/11/4-1024x768.jpg" alt="" class="wp-image-5200" srcset="https://grundschule-fasanenhof.de/wp-content/uploads/2025/11/4-1024x768.jpg 1024w, https://grundschule-fasanenhof.de/wp-content/uploads/2025/11/4-300x225.jpg 300w, https://grundschule-fasanenhof.de/wp-content/uploads/2025/11/4-768x576.jpg 768w, https://grundschule-fasanenhof.de/wp-content/uploads/2025/11/4-1536x1152.jpg 1536w, https://grundschule-fasanenhof.de/wp-content/uploads/2025/11/4-2048x1536.jpg 2048w" sizes="auto, (max-width: 1024px) 100vw, 1024px" /></figure>



<figure class="wp-block-image size-large"><img loading="lazy" decoding="async" width="1024" height="768" data-id="5199" src="https://grundschule-fasanenhof.de/wp-content/uploads/2025/11/3-1024x768.jpg" alt="" class="wp-image-5199" srcset="https://grundschule-fasanenhof.de/wp-content/uploads/2025/11/3-1024x768.jpg 1024w, https://grundschule-fasanenhof.de/wp-content/uploads/2025/11/3-300x225.jpg 300w, https://grundschule-fasanenhof.de/wp-content/uploads/2025/11/3-768x576.jpg 768w, https://grundschule-fasanenhof.de/wp-content/uploads/2025/11/3-1536x1152.jpg 1536w, https://grundschule-fasanenhof.de/wp-content/uploads/2025/11/3-2048x1536.jpg 2048w" sizes="auto, (max-width: 1024px) 100vw, 1024px" /></figure>



<figure class="wp-block-image size-large"><img loading="lazy" decoding="async" width="1024" height="768" data-id="5196" src="https://grundschule-fasanenhof.de/wp-content/uploads/2025/11/2-1024x768.jpg" alt="" class="wp-image-5196" srcset="https://grundschule-fasanenhof.de/wp-content/uploads/2025/11/2-1024x768.jpg 1024w, https://grundschule-fasanenhof.de/wp-content/uploads/2025/11/2-300x225.jpg 300w, https://grundschule-fasanenhof.de/wp-content/uploads/2025/11/2-768x576.jpg 768w, https://grundschule-fasanenhof.de/wp-content/uploads/2025/11/2-1536x1152.jpg 1536w, https://grundschule-fasanenhof.de/wp-content/uploads/2025/11/2-2048x1536.jpg 2048w" sizes="auto, (max-width: 1024px) 100vw, 1024px" /></figure>



<figure class="wp-block-image size-large"><img loading="lazy" decoding="async" width="768" height="1024" data-id="5197" src="https://grundschule-fasanenhof.de/wp-content/uploads/2025/11/1-768x1024.jpg" alt="" class="wp-image-5197" srcset="https://grundschule-fasanenhof.de/wp-content/uploads/2025/11/1-768x1024.jpg 768w, https://grundschule-fasanenhof.de/wp-content/uploads/2025/11/1-225x300.jpg 225w, https://grundschule-fasanenhof.de/wp-content/uploads/2025/11/1-1152x1536.jpg 1152w, https://grundschule-fasanenhof.de/wp-content/uploads/2025/11/1-1536x2048.jpg 1536w, https://grundschule-fasanenhof.de/wp-content/uploads/2025/11/1-scaled.jpg 1920w" sizes="auto, (max-width: 768px) 100vw, 768px" /></figure>
</figure>



<h2 class="wp-block-heading">Schließzeiten 2026</h2>



<div data-wp-interactive="core/file" class="wp-block-file"><object data-wp-bind--hidden="!state.hasPdfPreview" hidden class="wp-block-file__embed" data="https://grundschule-fasanenhof.de/wp-content/uploads/2025/10/Schliesszeiten-2026-1.pdf" type="application/pdf" style="width:100%;height:600px" aria-label="Einbettung von Schließzeiten 2026."></object><a id="wp-block-file--media-9762856b-af5c-4578-866c-3b5d410d1ab2" href="https://grundschule-fasanenhof.de/wp-content/uploads/2025/10/Schliesszeiten-2026-1.pdf">Schließzeiten 2026</a><a href="https://grundschule-fasanenhof.de/wp-content/uploads/2025/10/Schliesszeiten-2026-1.pdf" class="wp-block-file__button wp-element-button" download aria-describedby="wp-block-file--media-9762856b-af5c-4578-866c-3b5d410d1ab2">Herunterladen</a></div>

<p>Der Hort Grundschule Fasanenhof betreut gegenwärtig 64 Hortkinder mit Angeboten der offenen Arbeit und der Möglichkeit eines Mittagessens.  Darüber hinaus &hellip; </p>
