{"id":3284,"date":"2023-04-28T11:07:26","date_gmt":"2023-04-28T11:07:26","guid":{"rendered":"https:\/\/grundschule-fasanenhof.de\/?page_id=3284"},"modified":"2025-05-08T11:29:44","modified_gmt":"2025-05-08T11:29:44","slug":"ubus-unterrichtsbegleitende-unterstuetzung-durch-sozialpaedagogische-kraefte","status":"publish","type":"page","link":"https:\/\/grundschule-fasanenhof.de\/?page_id=3284","title":{"rendered":"UBUS &#8211; Unterrichtsbegleitende Unterst\u00fctzung durch sozialp\u00e4dagogische Kr\u00e4fte"},"content":{"rendered":"<p><strong>Svenja Schilling\u00a0 <\/strong><br \/>\n\u2022 Termine: nach Vereinbarung<br \/>\n\u2022 Tel.: 0561-872020<br \/>\n\u2022 Email: <a href=\"mailto:schulsozialarbeit.fasanenhof.ubus@gmx.de\">schulsozialarbeit.fasanenhof.ubus@gmx.de<\/a><\/p>\n<p>Grundsatz meiner Arbeit:<\/p>\n<p>Alle Gespr\u00e4che und Beratungen, egal ob mit Kindern*Eltern*Lehrer\/innen werden vertraulich behandelt. Der Informationsaustausch beruht auf Freiwilligkeit und setzt eine Mitwirkungsbereitschaft voraus. Meine Arbeit zeichnet sich in erster Linie durch die individuelle Unterst\u00fctzung und Begleitung der Sch\u00fcler*innen aus, um sie in ihrer allgemeinen schulischen Entwicklung sowie ihren sozialen Kompetenzen zu st\u00e4rken. Ziel ist es die Eigenst\u00e4ndigkeit zu f\u00f6rdern, \u00fcber ganzheitliche Ans\u00e4tze und Reflektion mit den Kindern eine Selbstwirksamkeit zu erlangen und somit eine positive Pers\u00f6nlichkeitsentwicklung zu erm\u00f6glichen. Der enge Kontakt und Austausch mit Lehrer*innen und den p\u00e4dagogischen Fachkr\u00e4ften aus dem Hort und Ganztag spielen in diesem Prozess eine relevante Rolle. Die Kooperation ist ein sehr wichtiger Teil meiner Arbeit. Des Weiteren berate ich Eltern und unterst\u00fctze diese sehr gerne bei Problemen oder Fragen.<\/p>\n<p>Vormittag<\/p>\n<ul>\n<li>Unterrichtsbegleitung, Beratung und Unterst\u00fctzung der Lehrkr\u00e4fte (punktuell oder kontinuierlich)<\/li>\n<\/ul>\n<ul>\n<li>Streitschlichtung mit Sch\u00fcler*innen in der Gruppe<\/li>\n<li>Ideenraum f\u00fcr Kinder, die bei den Herausforderungen im Schulalltag Hilfe ben\u00f6tigen (Ansatz der Trainingsraum Methode)<\/li>\n<li>Kreativangebot und Bewegungsangebot im F\u00f6rder- Forderband<\/li>\n<li>Unterst\u00fctzung der Sch\u00fcler*innen im Unterricht, beim schulischen und sozialen Lernen<\/li>\n<li>Kindersprechstunde, Einzelgespr\u00e4che mit Sch\u00fcler*inne, Konfliktl\u00f6sebegleitung<\/li>\n<li>geleitete Gespr\u00e4chskreise in der Klasse: Klassenrat, Konflikte (auch mit Lehrer*innen), Sozialverhalten, etc., Projekte in einzelnen Klassen z.B. zum Thema Mobbing, Medien etc.<\/li>\n<\/ul>\n<p>Nachmittag<\/p>\n<ul>\n<li>Mitarbeit im Ganztag, Betreuung, Freizeitgestaltung der Kinder nach der Schule, Kleingruppenangebote<\/li>\n<li>Streitschlichterausbildung Jahrgang 3\/4<\/li>\n<li>Vernetzung zu inner- und au\u00dferschulischen Kooperationspartnern wie Hort, Ganztagskoordination, BFZ, Stadtteilvernetzung, Kinder und Jugendpsycholog*innen, sozialp\u00e4dagogische Einrichtungen f\u00fcr Kinder und Eltern<\/li>\n<li>F\u00fcr Eltern: Beratung, gegebenenfalls Weiterleitung an Fachdienste<\/li>\n<li>Mitarbeit an der Weiterentwicklung des p\u00e4dagogischen Konzepts der Schule<\/li>\n<\/ul>\n<p>Weitere Unterst\u00fctzungsangebote finden sie hier:<\/p>\n<p><strong>Hilfsangebote f\u00fcr Eltern Kinder und Familien<\/strong><\/p>\n<p><strong>\u00a0<\/strong>Angespannte, unklare Situationen, finanzielle Unsicherheiten und fehlende Perspektiven k\u00f6nnen zu (Existenz-)\u00c4ngsten f\u00fchren. Auch r\u00e4umliche Enge, der Wegfall von Kinderbetreuung in Kita oder Schule, die Einschr\u00e4nkung von sozialen Kontakten oder das Versp\u00fcren von Langeweile und Einsamkeit stellen momentan f\u00fcr viele Menschen eine gro\u00dfe Belastung dar. Bestehende Familien- und Beziehungskonflikte k\u00f6nnen schneller eskalieren.<\/p>\n<p>Im Folgenden finden Sie Kontakte zu verschiedenen Beratungs- und Unterst\u00fctzungsangeboten, die Ihnen helfen k\u00f6nnen.<\/p>\n<p><strong>Schulsozialarbeit der Fasanenhofschule<\/strong><\/p>\n<p>Frau Bley, Frau Schilling<\/p>\n<p>M\u00f6rikestra\u00dfe 66, 34125 Kassel<\/p>\n<p>Telefon (0561) 92001626<\/p>\n<p><a href=\"mailto:anne.bley@schubs-ks.de\">anne.bley@schubs-ks.de<\/a><\/p>\n<p><a href=\"mailto:schulsozialarbeit.fasanenhof.ubus@gmx.de\">schulsozialarbeit.fasanenhof.ubus@gmx.de<\/a><\/p>\n<p><strong>F\u00f6rderschullehrer des Beratungs- und F\u00f6rderschulzentrums an der Fasanenhofschule <\/strong><\/p>\n<p>Jennifer Manske: jennifer.manske@gmx.de<\/p>\n<p>Laura Polarczyk: laura.polarczyk@schule.hessen.de<\/p>\n<p><strong>Hand in Hand e.V. Nachbarschaftshilfeverein<\/strong><\/p>\n<p>Walburga Wissing<\/p>\n<p>M\u00f6rikestra\u00dfe 1, 34125 Kassel<\/p>\n<p>Telefon: (0561) 9705665 (Dienstag und Freitag 13-16 Uhr)<\/p>\n<p><a href=\"mailto:handinhand-fh@t-online.de\">handinhand-fh@t-online.de<\/a><\/p>\n<p><a href=\"https:\/\/www.handinhand-kassel.de\/nachbarschaftstreffs\/veranstaltungen-fasanenhof\/\">https:\/\/www.handinhand-kassel.de\/nachbarschaftstreffs\/veranstaltungen-fasanenhof\/<\/a><\/p>\n<p><strong>Beratungsstelle f\u00fcr Kinder und Eltern<\/strong><br \/>\nWolfhager Str. 170, 34127 Kassel<br \/>\n<strong>Telefon: (0561) 899852 <\/strong><\/p>\n<p>Mo &#8211; Fr 10.00 &#8211; 12.00 Uhr |\u00a0 Mo, Mi, Do 14.00 &#8211; 17.00 Uhr<br \/>\n<a href=\"mailto:beratungsstelle@kinderschutzbund-kassel.de\">beratungsstelle@kinderschutzbund-kassel.de<\/a><\/p>\n<p><a href=\"https:\/\/www.kinderschutzbund-kassel.de\">https:\/\/www.kinderschutzbund-kassel.de<\/a><\/p>\n<p><strong>\u00a0<\/strong><\/p>\n<p><strong>Familienberatungszentrum Kassel<\/strong><\/p>\n<p>Hinter der Kom\u00f6die 17, 34117 Kassel<\/p>\n<p>Offene Sprechzeit, Montag-Freitag 9-12 Uhr<\/p>\n<p>Telefon: (0561) 784490<\/p>\n<p><a href=\"mailto:info@familienberatungszentrum.de\">info@familienberatungszentrum.de<\/a><\/p>\n<p><a href=\"https:\/\/www.familienberatungszentrum.de\/\">https:\/\/www.familienberatungszentrum.de\/<\/a><\/p>\n<p><strong>\u00a0<\/strong><\/p>\n<p><strong>Beratung Schlachthof Kassel<\/strong><\/p>\n<p>\u00d6ffentliches B\u00fcro<\/p>\n<p>Farah Rahemi &amp; Nora Raabe<br \/>\nMail: Telefon: 05 61 \/ 22 07 12 &#8211; 0<br \/>\n<a href=\"mailto:info@schlachthof-kassel.de\">info@schlachthof-kassel.de<\/a><\/p>\n<p><a href=\"https:\/\/www.schlachthof-kassel.de\/beratung\/ueberblick-beratung\/\">https:\/\/www.schlachthof-kassel.de\/beratung\/ueberblick-beratung\/<\/a><\/p>\n<p><strong>Amani &#8211; Fachberatungsstelle gegen sexualisierte Gewalt<\/strong><br \/>\nAnnastr. 9, 34119 Kassel<\/p>\n<p>Telefon: 0561 \/ 708 859 3, Mobil: 0176 \/ 233 461 40<br \/>\n(Signal, Telegram, Threema)<br \/>\n<a href=\"mailto:info@amani-kassel.de\">info@amani-kassel.de<\/a><\/p>\n<p><a href=\"https:\/\/amani-kassel.de\/\">https:\/\/amani-kassel.de\/<\/a><\/p>\n<p><a href=\"http:\/\/www.fax-kassel.de\/\">http:\/\/www.fax-kassel.de\/<\/a><\/p>\n<p><strong>AKKG Beratungszentrum<\/strong><\/p>\n<p><a href=\"https:\/\/www.google.de\/maps\/place\/Treppenstra%C3%9Fe+4%2C+34117%2C+Kassel%2C+Deutschland\">Treppe4<br \/>\nHaus der Sozialwirtschaft<br \/>\nTreppenstra\u00dfe 4, 34117 Kassel<\/a><br \/>\n0561 \/ 816 44 300<br \/>\nMail: <a href=\"mailto:beratungszentrum@akgg.de\">beratungszentrum@akgg.de<\/a><\/p>\n<p><a href=\"https:\/\/www.akgg.de\/einrichtungen-und-dienste\/beratungsstellen\/beratungszentrum\/\">https:\/\/www.akgg.de\/einrichtungen-und-dienste\/beratungsstellen\/beratungszentrum\/<\/a><\/p>\n<p><strong>T\u00fcrkisches Beratungszentrum:<\/strong><\/p>\n<p>Handan Uyar-Ommert \/Denise Tastan<strong><br \/>\n<\/strong>0561 \/ 816 44 310<br \/>\nMail: <a href=\"mailto:tuerk-kadinlar@akgg.de\">tuerk-kadinlar@akgg.de<\/a><\/p>\n<p><u>\u00a0<\/u><\/p>\n<p><strong>Pro Familia <\/strong><\/p>\n<p>Breitscheidstra\u00dfe 7<br \/>\n34119 Kassel<br \/>\nTelefon: 056176619250<\/p>\n<p><strong>Hotline f\u00fcr schlagende M\u00e4nner<\/strong><\/p>\n<p>0561-766192514<\/p>\n<p><a href=\"https:\/\/www.profamilia.de\/angebote-vor-ort\/hessen\/kassel.html\">https:\/\/www.profamilia.de\/angebote-vor-ort\/hessen\/kassel.html<\/a><\/p>\n<p><strong>Hotline f\u00fcr Frauen und M\u00e4nner die bef\u00fcrchten, in der Partnerschaft oder Familie gewaltt\u00e4tig zu werden<\/strong>.<\/p>\n<p>Telefon: 0561766192514<\/p>\n<p><strong>Telefonsprechstunde: <\/strong><br \/>\nDienstag von 13.00 &#8211; 14.00 Uhr<br \/>\nFreitag von 16.00 &#8211; 17.00 Uhr<\/p>\n<p><strong>Hilfetelefon \u201eGewalt gegen Frauen\u201c 24 Stunden, 17 Sprachen, 365 Tage im Jahr<\/strong><\/p>\n<p>Telefon: 08000-116016<\/p>\n<p><a href=\"https:\/\/www.hilfetelefon.de\/das-hilfetelefon\/beratung\/beratung-in-17-sprachen.html\">https:\/\/www.hilfetelefon.de\/das-hilfetelefon\/beratung\/beratung-in-17-sprachen.html<\/a><\/p>\n<p><strong>\u00a0<\/strong><a href=\"http:\/\/www.frauenhaus-kassel.de\/\"><strong>Autonomes Frauenhaus Kassel e. V.<\/strong><\/a><\/p>\n<p>Hier k\u00f6nnen Frauen mit ihren Kindern Zuflucht finden.<\/p>\n<p>Tel. 0561 898889<\/p>\n<p>Postfach 10 11 03, 34011 Kassel<\/p>\n<p><img loading=\"lazy\" decoding=\"async\" class=\"alignnone size-full wp-image-3321\" src=\"https:\/\/grundschule-fasanenhof.de\/wp-content\/uploads\/2023\/05\/autonomes-Frauen-arabisch-1.png\" alt=\"\" width=\"183\" height=\"130\" \/> <img loading=\"lazy\" decoding=\"async\" class=\"alignnone size-full wp-image-3320\" src=\"https:\/\/grundschule-fasanenhof.de\/wp-content\/uploads\/2023\/05\/Autonomes-Frauenhaus-2.png\" alt=\"\" width=\"183\" height=\"130\" \/><\/p>\n","protected":false},"excerpt":{"rendered":"<p>Svenja Schilling\u00a0 \u2022 Termine: nach Vereinbarung \u2022 Tel.: 0561-872020 \u2022 Email: schulsozialarbeit.fasanenhof.ubus@gmx.de Grundsatz meiner Arbeit: Alle Gespr\u00e4che und Beratungen, egal &hellip; <\/p>\n","protected":false},"author":1,"featured_media":0,"parent":0,"menu_order":0,"comment_status":"closed","ping_status":"closed","template":"","meta":{"footnotes":""},"class_list":["post-3284","page","type-page","status-publish","hentry"],"_links":{"self":[{"href":"https:\/\/grundschule-fasanenhof.de\/index.php?rest_route=\/wp\/v2\/pages\/3284","targetHints":{"allow":["GET"]}}],"collection":[{"href":"https:\/\/grundschule-fasanenhof.de\/index.php?rest_route=\/wp\/v2\/pages"}],"about":[{"href":"https:\/\/grundschule-fasanenhof.de\/index.php?rest_route=\/wp\/v2\/types\/page"}],"author":[{"embeddable":true,"href":"https:\/\/grundschule-fasanenhof.de\/index.php?rest_route=\/wp\/v2\/users\/1"}],"replies":[{"embeddable":true,"href":"https:\/\/grundschule-fasanenhof.de\/index.php?rest_route=%2Fwp%2Fv2%2Fcomments&post=3284"}],"version-history":[{"count":9,"href":"https:\/\/grundschule-fasanenhof.de\/index.php?rest_route=\/wp\/v2\/pages\/3284\/revisions"}],"predecessor-version":[{"id":4768,"href":"https:\/\/grundschule-fasanenhof.de\/index.php?rest_route=\/wp\/v2\/pages\/3284\/revisions\/4768"}],"wp:attachment":[{"href":"https:\/\/grundschule-fasanenhof.de\/index.php?rest_route=%2Fwp%2Fv2%2Fmedia&parent=3284"}],"curies":[{"name":"wp","href":"https:\/\/api.w.org\/{rel}","templated":true}]}}

UBUS &#8211; Unterrichtsbegleitende Unterstützung durch sozialpädagogische Kräfte

<p><strong>Svenja Schilling  </strong><br />
• Termine: nach Vereinbarung<br />
• Tel.: 0561-872020<br />
• Email: <a href="mailto:schulsozialarbeit.fasanenhof.ubus@gmx.de">schulsozialarbeit.fasanenhof.ubus@gmx.de</a></p>
<p>Grundsatz meiner Arbeit:</p>
<p>Alle Gespräche und Beratungen, egal ob mit Kindern*Eltern*Lehrer/innen werden vertraulich behandelt. Der Informationsaustausch beruht auf Freiwilligkeit und setzt eine Mitwirkungsbereitschaft voraus. Meine Arbeit zeichnet sich in erster Linie durch die individuelle Unterstützung und Begleitung der Schüler*innen aus, um sie in ihrer allgemeinen schulischen Entwicklung sowie ihren sozialen Kompetenzen zu stärken. Ziel ist es die Eigenständigkeit zu fördern, über ganzheitliche Ansätze und Reflektion mit den Kindern eine Selbstwirksamkeit zu erlangen und somit eine positive Persönlichkeitsentwicklung zu ermöglichen. Der enge Kontakt und Austausch mit Lehrer*innen und den pädagogischen Fachkräften aus dem Hort und Ganztag spielen in diesem Prozess eine relevante Rolle. Die Kooperation ist ein sehr wichtiger Teil meiner Arbeit. Des Weiteren berate ich Eltern und unterstütze diese sehr gerne bei Problemen oder Fragen.</p>
<p>Vormittag</p>
<ul>
<li>Unterrichtsbegleitung, Beratung und Unterstützung der Lehrkräfte (punktuell oder kontinuierlich)</li>
</ul>
<ul>
<li>Streitschlichtung mit Schüler*innen in der Gruppe</li>
<li>Ideenraum für Kinder, die bei den Herausforderungen im Schulalltag Hilfe benötigen (Ansatz der Trainingsraum Methode)</li>
<li>Kreativangebot und Bewegungsangebot im Förder- Forderband</li>
<li>Unterstützung der Schüler*innen im Unterricht, beim schulischen und sozialen Lernen</li>
<li>Kindersprechstunde, Einzelgespräche mit Schüler*inne, Konfliktlösebegleitung</li>
<li>geleitete Gesprächskreise in der Klasse: Klassenrat, Konflikte (auch mit Lehrer*innen), Sozialverhalten, etc., Projekte in einzelnen Klassen z.B. zum Thema Mobbing, Medien etc.</li>
</ul>
<p>Nachmittag</p>
<ul>
<li>Mitarbeit im Ganztag, Betreuung, Freizeitgestaltung der Kinder nach der Schule, Kleingruppenangebote</li>
<li>Streitschlichterausbildung Jahrgang 3/4</li>
<li>Vernetzung zu inner- und außerschulischen Kooperationspartnern wie Hort, Ganztagskoordination, BFZ, Stadtteilvernetzung, Kinder und Jugendpsycholog*innen, sozialpädagogische Einrichtungen für Kinder und Eltern</li>
<li>Für Eltern: Beratung, gegebenenfalls Weiterleitung an Fachdienste</li>
<li>Mitarbeit an der Weiterentwicklung des pädagogischen Konzepts der Schule</li>
</ul>
<p>Weitere Unterstützungsangebote finden sie hier:</p>
<p><strong>Hilfsangebote für Eltern Kinder und Familien</strong></p>
<p><strong> </strong>Angespannte, unklare Situationen, finanzielle Unsicherheiten und fehlende Perspektiven können zu (Existenz-)Ängsten führen. Auch räumliche Enge, der Wegfall von Kinderbetreuung in Kita oder Schule, die Einschränkung von sozialen Kontakten oder das Verspüren von Langeweile und Einsamkeit stellen momentan für viele Menschen eine große Belastung dar. Bestehende Familien- und Beziehungskonflikte können schneller eskalieren.</p>
<p>Im Folgenden finden Sie Kontakte zu verschiedenen Beratungs- und Unterstützungsangeboten, die Ihnen helfen können.</p>
<p><strong>Schulsozialarbeit der Fasanenhofschule</strong></p>
<p>Frau Bley, Frau Schilling</p>
<p>Mörikestraße 66, 34125 Kassel</p>
<p>Telefon (0561) 92001626</p>
<p><a href="mailto:anne.bley@schubs-ks.de">anne.bley@schubs-ks.de</a></p>
<p><a href="mailto:schulsozialarbeit.fasanenhof.ubus@gmx.de">schulsozialarbeit.fasanenhof.ubus@gmx.de</a></p>
<p><strong>Förderschullehrer des Beratungs- und Förderschulzentrums an der Fasanenhofschule </strong></p>
<p>Jennifer Manske: jennifer.manske@gmx.de</p>
<p>Laura Polarczyk: laura.polarczyk@schule.hessen.de</p>
<p><strong>Hand in Hand e.V. Nachbarschaftshilfeverein</strong></p>
<p>Walburga Wissing</p>
<p>Mörikestraße 1, 34125 Kassel</p>
<p>Telefon: (0561) 9705665 (Dienstag und Freitag 13-16 Uhr)</p>
<p><a href="mailto:handinhand-fh@t-online.de">handinhand-fh@t-online.de</a></p>
<p><a href="https://www.handinhand-kassel.de/nachbarschaftstreffs/veranstaltungen-fasanenhof/">https://www.handinhand-kassel.de/nachbarschaftstreffs/veranstaltungen-fasanenhof/</a></p>
<p><strong>Beratungsstelle für Kinder und Eltern</strong><br />
Wolfhager Str. 170, 34127 Kassel<br />
<strong>Telefon: (0561) 899852 </strong></p>
<p>Mo &#8211; Fr 10.00 &#8211; 12.00 Uhr |  Mo, Mi, Do 14.00 &#8211; 17.00 Uhr<br />
<a href="mailto:beratungsstelle@kinderschutzbund-kassel.de">beratungsstelle@kinderschutzbund-kassel.de</a></p>
<p><a href="https://www.kinderschutzbund-kassel.de">https://www.kinderschutzbund-kassel.de</a></p>
<p><strong> </strong></p>
<p><strong>Familienberatungszentrum Kassel</strong></p>
<p>Hinter der Komödie 17, 34117 Kassel</p>
<p>Offene Sprechzeit, Montag-Freitag 9-12 Uhr</p>
<p>Telefon: (0561) 784490</p>
<p><a href="mailto:info@familienberatungszentrum.de">info@familienberatungszentrum.de</a></p>
<p><a href="https://www.familienberatungszentrum.de/">https://www.familienberatungszentrum.de/</a></p>
<p><strong> </strong></p>
<p><strong>Beratung Schlachthof Kassel</strong></p>
<p>Öffentliches Büro</p>
<p>Farah Rahemi &amp; Nora Raabe<br />
Mail: Telefon: 05 61 / 22 07 12 &#8211; 0<br />
<a href="mailto:info@schlachthof-kassel.de">info@schlachthof-kassel.de</a></p>
<p><a href="https://www.schlachthof-kassel.de/beratung/ueberblick-beratung/">https://www.schlachthof-kassel.de/beratung/ueberblick-beratung/</a></p>
<p><strong>Amani &#8211; Fachberatungsstelle gegen sexualisierte Gewalt</strong><br />
Annastr. 9, 34119 Kassel</p>
<p>Telefon: 0561 / 708 859 3, Mobil: 0176 / 233 461 40<br />
(Signal, Telegram, Threema)<br />
<a href="mailto:info@amani-kassel.de">info@amani-kassel.de</a></p>
<p><a href="https://amani-kassel.de/">https://amani-kassel.de/</a></p>
<p><a href="http://www.fax-kassel.de/">http://www.fax-kassel.de/</a></p>
<p><strong>AKKG Beratungszentrum</strong></p>
<p><a href="https://www.google.de/maps/place/Treppenstra%C3%9Fe+4%2C+34117%2C+Kassel%2C+Deutschland">Treppe4<br />
Haus der Sozialwirtschaft<br />
Treppenstraße 4, 34117 Kassel</a><br />
0561 / 816 44 300<br />
Mail: <a href="mailto:beratungszentrum@akgg.de">beratungszentrum@akgg.de</a></p>
<p><a href="https://www.akgg.de/einrichtungen-und-dienste/beratungsstellen/beratungszentrum/">https://www.akgg.de/einrichtungen-und-dienste/beratungsstellen/beratungszentrum/</a></p>
<p><strong>Türkisches Beratungszentrum:</strong></p>
<p>Handan Uyar-Ommert /Denise Tastan<strong><br />
</strong>0561 / 816 44 310<br />
Mail: <a href="mailto:tuerk-kadinlar@akgg.de">tuerk-kadinlar@akgg.de</a></p>
<p><u> </u></p>
<p><strong>Pro Familia </strong></p>
<p>Breitscheidstraße 7<br />
34119 Kassel<br />
Telefon: 056176619250</p>
<p><strong>Hotline für schlagende Männer</strong></p>
<p>0561-766192514</p>
<p><a href="https://www.profamilia.de/angebote-vor-ort/hessen/kassel.html">https://www.profamilia.de/angebote-vor-ort/hessen/kassel.html</a></p>
<p><strong>Hotline für Frauen und Männer die befürchten, in der Partnerschaft oder Familie gewalttätig zu werden</strong>.</p>
<p>Telefon: 0561766192514</p>
<p><strong>Telefonsprechstunde: </strong><br />
Dienstag von 13.00 &#8211; 14.00 Uhr<br />
Freitag von 16.00 &#8211; 17.00 Uhr</p>
<p><strong>Hilfetelefon „Gewalt gegen Frauen“ 24 Stunden, 17 Sprachen, 365 Tage im Jahr</strong></p>
<p>Telefon: 08000-116016</p>
<p><a href="https://www.hilfetelefon.de/das-hilfetelefon/beratung/beratung-in-17-sprachen.html">https://www.hilfetelefon.de/das-hilfetelefon/beratung/beratung-in-17-sprachen.html</a></p>
<p><strong> </strong><a href="http://www.frauenhaus-kassel.de/"><strong>Autonomes Frauenhaus Kassel e. V.</strong></a></p>
<p>Hier können Frauen mit ihren Kindern Zuflucht finden.</p>
<p>Tel. 0561 898889</p>
<p>Postfach 10 11 03, 34011 Kassel</p>
<p><img loading="lazy" decoding="async" class="alignnone size-full wp-image-3321" src="https://grundschule-fasanenhof.de/wp-content/uploads/2023/05/autonomes-Frauen-arabisch-1.png" alt="" width="183" height="130" /> <img loading="lazy" decoding="async" class="alignnone size-full wp-image-3320" src="https://grundschule-fasanenhof.de/wp-content/uploads/2023/05/Autonomes-Frauenhaus-2.png" alt="" width="183" height="130" /></p>

<p>Svenja Schilling  • Termine: nach Vereinbarung • Tel.: 0561-872020 • Email: schulsozialarbeit.fasanenhof.ubus@gmx.de Grundsatz meiner Arbeit: Alle Gespräche und Beratungen, egal &hellip; </p>
