{"id":2,"date":"2022-09-23T07:53:23","date_gmt":"2022-09-23T07:53:23","guid":{"rendered":"http:\/\/grundschule-fasanenhof.de\/?page_id=2"},"modified":"2025-10-18T15:10:55","modified_gmt":"2025-10-18T15:10:55","slug":"sample-page","status":"publish","type":"page","link":"https:\/\/grundschule-fasanenhof.de\/","title":{"rendered":"Herzlich Willkommen"},"content":{"rendered":"\n<p>Sch\u00f6n, dass Sie unsere Onlinepr\u00e4sens der Fasanenhofschule Kassel gefunden haben. Hier werden regelm\u00e4\u00dfig viele Informationen und Ver\u00f6ffentlichungen rund um unsere Schule hochgeladen. Ein regelm\u00e4\u00dfiger Blick lohnt sich.<\/p>\n\n\n\n<figure class=\"wp-block-image size-large\"><img loading=\"lazy\" decoding=\"async\" width=\"1024\" height=\"683\" src=\"https:\/\/grundschule-fasanenhof.de\/wp-content\/uploads\/2022\/09\/BAE1AED5-320F-444B-922E-DA8D0C4C626C-1024x683.jpeg\" alt=\"\" class=\"wp-image-2583\" srcset=\"https:\/\/grundschule-fasanenhof.de\/wp-content\/uploads\/2022\/09\/BAE1AED5-320F-444B-922E-DA8D0C4C626C-1024x683.jpeg 1024w, https:\/\/grundschule-fasanenhof.de\/wp-content\/uploads\/2022\/09\/BAE1AED5-320F-444B-922E-DA8D0C4C626C-300x200.jpeg 300w, https:\/\/grundschule-fasanenhof.de\/wp-content\/uploads\/2022\/09\/BAE1AED5-320F-444B-922E-DA8D0C4C626C-768x512.jpeg 768w, https:\/\/grundschule-fasanenhof.de\/wp-content\/uploads\/2022\/09\/BAE1AED5-320F-444B-922E-DA8D0C4C626C-1536x1024.jpeg 1536w, https:\/\/grundschule-fasanenhof.de\/wp-content\/uploads\/2022\/09\/BAE1AED5-320F-444B-922E-DA8D0C4C626C-2048x1365.jpeg 2048w\" sizes=\"auto, (max-width: 1024px) 100vw, 1024px\" \/><\/figure>\n","protected":false},"excerpt":{"rendered":"<p>Sch\u00f6n, dass Sie unsere Onlinepr\u00e4sens der Fasanenhofschule Kassel gefunden haben. Hier werden regelm\u00e4\u00dfig viele Informationen und Ver\u00f6ffentlichungen rund um unsere &hellip; <\/p>\n","protected":false},"author":1,"featured_media":2512,"parent":0,"menu_order":0,"comment_status":"closed","ping_status":"open","template":"","meta":{"footnotes":""},"class_list":["post-2","page","type-page","status-publish","has-post-thumbnail","hentry"],"_links":{"self":[{"href":"https:\/\/grundschule-fasanenhof.de\/index.php?rest_route=\/wp\/v2\/pages\/2","targetHints":{"allow":["GET"]}}],"collection":[{"href":"https:\/\/grundschule-fasanenhof.de\/index.php?rest_route=\/wp\/v2\/pages"}],"about":[{"href":"https:\/\/grundschule-fasanenhof.de\/index.php?rest_route=\/wp\/v2\/types\/page"}],"author":[{"embeddable":true,"href":"https:\/\/grundschule-fasanenhof.de\/index.php?rest_route=\/wp\/v2\/users\/1"}],"replies":[{"embeddable":true,"href":"https:\/\/grundschule-fasanenhof.de\/index.php?rest_route=%2Fwp%2Fv2%2Fcomments&post=2"}],"version-history":[{"count":9,"href":"https:\/\/grundschule-fasanenhof.de\/index.php?rest_route=\/wp\/v2\/pages\/2\/revisions"}],"predecessor-version":[{"id":5149,"href":"https:\/\/grundschule-fasanenhof.de\/index.php?rest_route=\/wp\/v2\/pages\/2\/revisions\/5149"}],"wp:featuredmedia":[{"embeddable":true,"href":"https:\/\/grundschule-fasanenhof.de\/index.php?rest_route=\/wp\/v2\/media\/2512"}],"wp:attachment":[{"href":"https:\/\/grundschule-fasanenhof.de\/index.php?rest_route=%2Fwp%2Fv2%2Fmedia&parent=2"}],"curies":[{"name":"wp","href":"https:\/\/api.w.org\/{rel}","templated":true}]}}

<p>Schön, dass Sie unsere Onlinepräsens der Fasanenhofschule Kassel gefunden haben. Hier werden regelmäßig viele Informationen und Veröffentlichungen rund um unsere Schule hochgeladen. Ein regelmäßiger Blick lohnt sich.</p>



<figure class="wp-block-image size-large"><img loading="lazy" decoding="async" width="1024" height="683" src="https://grundschule-fasanenhof.de/wp-content/uploads/2022/09/BAE1AED5-320F-444B-922E-DA8D0C4C626C-1024x683.jpeg" alt="" class="wp-image-2583" srcset="https://grundschule-fasanenhof.de/wp-content/uploads/2022/09/BAE1AED5-320F-444B-922E-DA8D0C4C626C-1024x683.jpeg 1024w, https://grundschule-fasanenhof.de/wp-content/uploads/2022/09/BAE1AED5-320F-444B-922E-DA8D0C4C626C-300x200.jpeg 300w, https://grundschule-fasanenhof.de/wp-content/uploads/2022/09/BAE1AED5-320F-444B-922E-DA8D0C4C626C-768x512.jpeg 768w, https://grundschule-fasanenhof.de/wp-content/uploads/2022/09/BAE1AED5-320F-444B-922E-DA8D0C4C626C-1536x1024.jpeg 1536w, https://grundschule-fasanenhof.de/wp-content/uploads/2022/09/BAE1AED5-320F-444B-922E-DA8D0C4C626C-2048x1365.jpeg 2048w" sizes="auto, (max-width: 1024px) 100vw, 1024px" /></figure>

<p>Schön, dass Sie unsere Onlinepräsens der Fasanenhofschule Kassel gefunden haben. Hier werden regelmäßig viele Informationen und Veröffentlichungen rund um unsere &hellip; </p>
