{"id":130,"date":"2014-05-14T17:10:33","date_gmt":"2014-05-14T15:10:33","guid":{"rendered":"http:\/\/www.fasanenhofschule.de\/?page_id=130"},"modified":"2023-06-06T08:15:38","modified_gmt":"2023-06-06T08:15:38","slug":"kooperationen","status":"publish","type":"page","link":"https:\/\/grundschule-fasanenhof.de\/?page_id=130","title":{"rendered":"Kooperationen"},"content":{"rendered":"<p>&nbsp;<\/p>\n<p>Die Fasanenhofschule kooperiert schon seit vielen Jahren sehr erfolgreich mit verschiedenen au\u00dferschulischen Bildungspartnern. Dazu z\u00e4hlen sowohl Einrichtungen der Kinder- und Jugendhilfe, Sportvereine, Kooperationspartner im Stadtteil sowie Wirtschaftsunternehmen und Bildungseinrichtungen.<\/p>\n<p>Kooperationspartner sind u.a.:<br \/>\n\u2022 F\u00f6rderverein Fasanenhofschule e.V.<br \/>\n\u2022 Hand in Hand e.V.<br \/>\n\u2022 Arbeiterwohlfahrt e.V.<br \/>\n\u2022 Musikschule Kassel e.V.<br \/>\n\u2022 Vereinigung \u201aSchule und Wirtschaft\u2018<br \/>\n\u2022 Kulturzentrum Schlachthof gGmbH<br \/>\n\u2022 Universit\u00e4t Kassel<br \/>\n\u2022 Jugendr\u00e4ume Fasanenhof<br \/>\n\u2022 Ortsbeirat Fasanenhof<br \/>\n\u2022 Sozialarbeit am Grundschulstandort (SaG)&#8220;<br \/>\n\u2022 Sozialer Friedensdienst e. V.<br \/>\n\u2022 Stadtbild gGmbH<br \/>\n\u2022 Elisabeth-Knipping-Schule<\/p>\n<p><em>Kooperation Im Rahmen des BEP: Kita- Tandempartner<\/em><br \/>\nSeit nunmehr f\u00fcnf Jahren trifft sich die Fasanenhofschule ca. alle zwei Monate zu einem Tandemtreffen mit den Zubringer-Kitas. Beteiligt sind: Kita Fasanenhof, Kita Fontanestra\u00dfe, Kita Erl\u00f6serkirche, Kita Montessori und Kita St\u00e4dtische Kliniken. In dieser Zeit haben wir uns und unsere Einrichtungen kennen und sch\u00e4tzen gelernt. Besonders die gemeinsamen Fortbildungen zum BEP bringen unsere Kollegien enger zueinander, da wir sie so weit vorausplanen, dass alle Einrichtungen an diesem Tag schlie\u00dfen, so dass, alle ErzieherInnen und LehrerInnen daran teilnehmen k\u00f6nnen (Inhalte der Zusammenarbeit siehe Anlage H- Kooperation Tandempartner).<\/p>\n<p><em>Kooperation mit dem Schulhort<\/em><br \/>\nZwischen dem Hort und der Grundschule Fasanenhof gibt es eine sehr enge Kooperationsbeziehung. Neben gemeinsamen Tandemtreffen tragen beide Institutionen seit dem Schuljahr 2012\/13 die Ganztagschulbetreuung im Grundschulbereich und organisieren und planen diese sowohl personell als auch p\u00e4dagogisch gemeinsam. Der Hort der Kita Fasanenhof ist zum Schuljahr 2013\/14 vollst\u00e4ndig in das Geb\u00e4ude der Fasanenhofschule mit eingezogen. Die Lernzeit, das Mittagessen sowie die Betreuung und die inhaltliche Ausgestaltung im Nachmittagsbereich teilen sich LehrerInnen, HorterzieherInnen sowie weitere Externe (z.B. HonorarmitarbeiteInnen f\u00fcr den AG-Bereich) gleicherma\u00dfen.<br \/>\nDer Hort ist aktiv an der Konzeptentwicklung beteiligt. Neben der Mitarbeit in verschieden schulischen Gremien haben die KollegInnen des Hortes bereits an mehreren gemeinsamen p\u00e4dagogische Tagen, zu Themen der Ganztagschulentwicklung, teilgenommen.<\/p>\n","protected":false},"excerpt":{"rendered":"<p>&nbsp; Die Fasanenhofschule kooperiert schon seit vielen Jahren sehr erfolgreich mit verschiedenen au\u00dferschulischen Bildungspartnern. Dazu z\u00e4hlen sowohl Einrichtungen der Kinder- &hellip; <\/p>\n","protected":false},"author":1,"featured_media":0,"parent":0,"menu_order":0,"comment_status":"closed","ping_status":"closed","template":"","meta":{"footnotes":""},"class_list":["post-130","page","type-page","status-publish","hentry"],"_links":{"self":[{"href":"https:\/\/grundschule-fasanenhof.de\/index.php?rest_route=\/wp\/v2\/pages\/130","targetHints":{"allow":["GET"]}}],"collection":[{"href":"https:\/\/grundschule-fasanenhof.de\/index.php?rest_route=\/wp\/v2\/pages"}],"about":[{"href":"https:\/\/grundschule-fasanenhof.de\/index.php?rest_route=\/wp\/v2\/types\/page"}],"author":[{"embeddable":true,"href":"https:\/\/grundschule-fasanenhof.de\/index.php?rest_route=\/wp\/v2\/users\/1"}],"replies":[{"embeddable":true,"href":"https:\/\/grundschule-fasanenhof.de\/index.php?rest_route=%2Fwp%2Fv2%2Fcomments&post=130"}],"version-history":[{"count":2,"href":"https:\/\/grundschule-fasanenhof.de\/index.php?rest_route=\/wp\/v2\/pages\/130\/revisions"}],"predecessor-version":[{"id":3419,"href":"https:\/\/grundschule-fasanenhof.de\/index.php?rest_route=\/wp\/v2\/pages\/130\/revisions\/3419"}],"wp:attachment":[{"href":"https:\/\/grundschule-fasanenhof.de\/index.php?rest_route=%2Fwp%2Fv2%2Fmedia&parent=130"}],"curies":[{"name":"wp","href":"https:\/\/api.w.org\/{rel}","templated":true}]}}

<p>&nbsp;</p>
<p>Die Fasanenhofschule kooperiert schon seit vielen Jahren sehr erfolgreich mit verschiedenen außerschulischen Bildungspartnern. Dazu zählen sowohl Einrichtungen der Kinder- und Jugendhilfe, Sportvereine, Kooperationspartner im Stadtteil sowie Wirtschaftsunternehmen und Bildungseinrichtungen.</p>
<p>Kooperationspartner sind u.a.:<br />
• Förderverein Fasanenhofschule e.V.<br />
• Hand in Hand e.V.<br />
• Arbeiterwohlfahrt e.V.<br />
• Musikschule Kassel e.V.<br />
• Vereinigung ‚Schule und Wirtschaft‘<br />
• Kulturzentrum Schlachthof gGmbH<br />
• Universität Kassel<br />
• Jugendräume Fasanenhof<br />
• Ortsbeirat Fasanenhof<br />
• Sozialarbeit am Grundschulstandort (SaG)&#8220;<br />
• Sozialer Friedensdienst e. V.<br />
• Stadtbild gGmbH<br />
• Elisabeth-Knipping-Schule</p>
<p><em>Kooperation Im Rahmen des BEP: Kita- Tandempartner</em><br />
Seit nunmehr fünf Jahren trifft sich die Fasanenhofschule ca. alle zwei Monate zu einem Tandemtreffen mit den Zubringer-Kitas. Beteiligt sind: Kita Fasanenhof, Kita Fontanestraße, Kita Erlöserkirche, Kita Montessori und Kita Städtische Kliniken. In dieser Zeit haben wir uns und unsere Einrichtungen kennen und schätzen gelernt. Besonders die gemeinsamen Fortbildungen zum BEP bringen unsere Kollegien enger zueinander, da wir sie so weit vorausplanen, dass alle Einrichtungen an diesem Tag schließen, so dass, alle ErzieherInnen und LehrerInnen daran teilnehmen können (Inhalte der Zusammenarbeit siehe Anlage H- Kooperation Tandempartner).</p>
<p><em>Kooperation mit dem Schulhort</em><br />
Zwischen dem Hort und der Grundschule Fasanenhof gibt es eine sehr enge Kooperationsbeziehung. Neben gemeinsamen Tandemtreffen tragen beide Institutionen seit dem Schuljahr 2012/13 die Ganztagschulbetreuung im Grundschulbereich und organisieren und planen diese sowohl personell als auch pädagogisch gemeinsam. Der Hort der Kita Fasanenhof ist zum Schuljahr 2013/14 vollständig in das Gebäude der Fasanenhofschule mit eingezogen. Die Lernzeit, das Mittagessen sowie die Betreuung und die inhaltliche Ausgestaltung im Nachmittagsbereich teilen sich LehrerInnen, HorterzieherInnen sowie weitere Externe (z.B. HonorarmitarbeiteInnen für den AG-Bereich) gleichermaßen.<br />
Der Hort ist aktiv an der Konzeptentwicklung beteiligt. Neben der Mitarbeit in verschieden schulischen Gremien haben die KollegInnen des Hortes bereits an mehreren gemeinsamen pädagogische Tagen, zu Themen der Ganztagschulentwicklung, teilgenommen.</p>

<p>&nbsp; Die Fasanenhofschule kooperiert schon seit vielen Jahren sehr erfolgreich mit verschiedenen außerschulischen Bildungspartnern. Dazu zählen sowohl Einrichtungen der Kinder- &hellip; </p>
